{"id":532,"date":"2024-02-13T10:53:30","date_gmt":"2024-02-13T09:53:30","guid":{"rendered":"http:\/\/s992978995.online.de\/?page_id=532"},"modified":"2026-09-04T14:28:06","modified_gmt":"2026-09-04T12:28:06","slug":"schriftzug-juedische-akademie","status":"publish","type":"page","link":"https:\/\/www.turkali-architekten.de\/en\/aktuelles\/schriftzug-juedische-akademie\/","title":{"rendered":"Schriftzug f\u00fcr die J\u00fcdische Akademie"},"content":{"rendered":"<div>04.09.2026<\/div>\n<h1>Der Name bekommt seinen Platz<\/h1>\n<div>\n<p data-pm-slice=\"1 1 []\">F\u00fcr einen ersten Eindruck vom k\u00fcnftigen Erscheinungsbild kletterte Prof. Zvonko Turkali selbst nach oben. Gemeinsam wurde entschieden, wie der Schriftzug der J\u00fcdischen Akademie Frankfurt sp\u00e4ter am Geb\u00e4ude wirken soll.<\/p>\n<p data-pm-slice=\"1 1 []\">Die Arbeiten an der Akademie gehen weiter, doch die k\u00fcnftige Gestalt des Hauses wird zunehmend greifbar. Der Schriftzug wird sp\u00e4ter auf eine neue Adresse f\u00fcr Bildung, Begegnung und j\u00fcdisches Leben in Frankfurt hinweisen.<\/p>\n<p>An der Senckenberganlage entsteht nach der Planung von Zvonko Turkali Architekten ein Ensemble aus historischem Altbau und markantem Neubau. Mit ihrem Schriftzug wird die Akademie k\u00fcnftig auch im Stadtraum pr\u00e4sent sein.<\/p>\n<\/p>\n<p>Mehr zum Projekt: <a target=\"_blank\" rel=\"noopener noreferrer nofollow\" class=\"text-primary underline cursor-pointer\" href=\"https:\/\/www.turkali-architekten.de\/de\/juedische-akademie-frankfurt\/\">J\u00fcdische Akademie Frankfurt<\/a>.<\/p>\n<\/div>\n<p><img decoding=\"async\" src=\"\/wp-content\/uploads\/2026\/09\/JAF-Schriftzug-scaled.jpg\" alt=\"\"><\/p>\n<p><!--more--><br \/>\n<!-- {\"type\":\"layout\",\"children\":[{\"type\":\"section\",\"props\":{\"css\":\"  .el-section {\\n\\tpadding:128px 0px;\\n\\t}\\n\\n@media only screen and (max-width: 600px) {\\n  .el-section {\\n\\tpadding:20px 0px;\\n\\t}\\n}\",\"image_position\":\"center-center\",\"style\":\"default\",\"title_breakpoint\":\"xl\",\"title_position\":\"top-left\",\"title_rotation\":\"left\",\"vertical_align\":\"\",\"width\":\"default\"},\"children\":[{\"type\":\"row\",\"props\":{\"layout\":\"1-2,1-2\"},\"children\":[{\"type\":\"column\",\"props\":{\"image_position\":\"center-center\",\"position_sticky_breakpoint\":\"m\",\"width_medium\":\"1-2\"},\"children\":[{\"type\":\"text\",\"props\":{\"column_breakpoint\":\"m\",\"content\":\"04.09.2026\",\"margin_bottom\":\"default\",\"margin_top\":\"default\",\"text_style\":\"meta\"}}]},{\"type\":\"column\",\"props\":{\"image_position\":\"center-center\",\"position_sticky_breakpoint\":\"m\",\"width_medium\":\"1-2\"}}]},{\"type\":\"row\",\"props\":{\"layout\":\"1-2,1-2\"},\"children\":[{\"type\":\"column\",\"props\":{\"css\":\".el-column {\\npadding-right:35px;\\n}\",\"image_position\":\"center-center\",\"position_sticky_breakpoint\":\"m\",\"width_medium\":\"1-2\"},\"children\":[{\"type\":\"headline\",\"props\":{\"content\":\"Der Name bekommt seinen Platz\",\"content_en_us\":\"The name takes its place\",\"image_align\":\"left\",\"image_margin\":\"xsmall\",\"title_element\":\"h1\"}},{\"type\":\"text\",\"props\":{\"column_breakpoint\":\"m\",\"content\":\"\n\n<p data-pm-slice=\\\"1 1 []\\\">F\u00fcr einen ersten Eindruck vom k\u00fcnftigen Erscheinungsbild kletterte Prof. Zvonko Turkali selbst nach oben. Gemeinsam wurde entschieden, wie der Schriftzug der J\u00fcdischen Akademie Frankfurt sp\u00e4ter am Geb\u00e4ude wirken soll.<\/p>\n\n\\n\n\n<p data-pm-slice=\\\"1 1 []\\\">Die Arbeiten an der Akademie gehen weiter, doch die k\u00fcnftige Gestalt des Hauses wird zunehmend greifbar. Der Schriftzug wird sp\u00e4ter auf eine neue Adresse f\u00fcr Bildung, Begegnung und j\u00fcdisches Leben in Frankfurt hinweisen.<\/p>\n\n\\n\n\n<p>An der Senckenberganlage entsteht nach der Planung von Zvonko Turkali Architekten ein Ensemble aus historischem Altbau und markantem Neubau. Mit ihrem Schriftzug wird die Akademie k\u00fcnftig auch im Stadtraum pr\u00e4sent sein.<\/p>\n\n\\n\n\n\n\n\\n\n\n<p>Mehr zum Projekt: <a target=\\\"_blank\\\" rel=\\\"noopener noreferrer nofollow\\\" class=\\\"text-primary underline cursor-pointer\\\" href=\\\"https:\/\/www.turkali-architekten.de\/de\/juedische-akademie-frankfurt\/\\\">J\u00fcdische Akademie Frankfurt<\/a>.<\/p>\n\n\",\"content_en_us\":\"\n\n<p>The building is still under construction, but its future presence is already beginning to emerge. Prof. Zvonko Turkali climbed up the scaffolding himself to see how the proposed lettering for the J\u00fcdische Akademie will read on the fa\u00e7ade.<\/p>\n\n\\n\n\n<p>Construction continues, and the building\u2019s final form is gradually coming into view. Once in place, the lettering will mark a new address for education, dialogue and Jewish life in Frankfurt.<\/p>\n\n\\n\n\n<p>At Frankfurt\u2019s Senckenberganlage, the J\u00fcdische Akademie is taking shape as an ensemble that brings together a historic building and a distinctive new structure. Its name will give this special place a visible presence in the city.<\/p>\n\n\\n\n\n<p>More about the project\u00a0<a href=\\\"https:\/\/www.turkali-architekten.de\/de\/juedische-akademie-frankfurt\/\\\">J\u00fcdische Akademie Frankfurt<\/a><\/p>\n\n\",\"css\":\".el-element {\\nfont-size:15px;\\nline-height:25px;\\n}\",\"margin_bottom\":\"default\",\"margin_top\":\"default\"}}]},{\"type\":\"column\",\"props\":{\"image_position\":\"center-center\",\"position_sticky_breakpoint\":\"m\",\"width_medium\":\"1-2\"},\"children\":[{\"type\":\"image\",\"props\":{\"image\":\"wp-content\/uploads\/2026\/09\/JAF-Schriftzug-scaled.jpg\",\"image_svg_color\":\"emphasis\",\"margin_bottom\":\"remove\",\"margin_top\":\"default\"}}]}]}],\"name\":\"Header-Section-Start\"}],\"version\":\"5.0.41\"} --><\/p>\n","protected":false},"excerpt":{"rendered":"<p>04.09.2026 Der Name bekommt seinen Platz F\u00fcr einen ersten Eindruck vom k\u00fcnftigen Erscheinungsbild kletterte Prof. Zvonko Turkali selbst nach oben. Gemeinsam wurde entschieden, wie der Schriftzug der J\u00fcdischen Akademie Frankfurt sp\u00e4ter am Geb\u00e4ude wirken soll. Die Arbeiten an der Akademie gehen weiter, doch die k\u00fcnftige Gestalt des Hauses wird zunehmend greifbar. Der Schriftzug wird sp\u00e4ter [&hellip;]<\/p>\n","protected":false},"author":1,"featured_media":0,"parent":1079,"menu_order":64,"comment_status":"closed","ping_status":"closed","template":"","meta":{"footnotes":""},"class_list":["post-532","page","type-page","status-publish","hentry"],"_links":{"self":[{"href":"https:\/\/www.turkali-architekten.de\/en\/wp-json\/wp\/v2\/pages\/532","targetHints":{"allow":["GET"]}}],"collection":[{"href":"https:\/\/www.turkali-architekten.de\/en\/wp-json\/wp\/v2\/pages"}],"about":[{"href":"https:\/\/www.turkali-architekten.de\/en\/wp-json\/wp\/v2\/types\/page"}],"author":[{"embeddable":true,"href":"https:\/\/www.turkali-architekten.de\/en\/wp-json\/wp\/v2\/users\/1"}],"replies":[{"embeddable":true,"href":"https:\/\/www.turkali-architekten.de\/en\/wp-json\/wp\/v2\/comments?post=532"}],"version-history":[{"count":20,"href":"https:\/\/www.turkali-architekten.de\/en\/wp-json\/wp\/v2\/pages\/532\/revisions"}],"predecessor-version":[{"id":8119,"href":"https:\/\/www.turkali-architekten.de\/en\/wp-json\/wp\/v2\/pages\/532\/revisions\/8119"}],"up":[{"embeddable":true,"href":"https:\/\/www.turkali-architekten.de\/en\/wp-json\/wp\/v2\/pages\/1079"}],"wp:attachment":[{"href":"https:\/\/www.turkali-architekten.de\/en\/wp-json\/wp\/v2\/media?parent=532"}],"curies":[{"name":"wp","href":"https:\/\/api.w.org\/{rel}","templated":true}]}}

Schriftzug für die Jüdische Akademie

<div>04.09.2026</div>
<h1>Der Name bekommt seinen Platz</h1>
<div>
<p data-pm-slice="1 1 []">Für einen ersten Eindruck vom künftigen Erscheinungsbild kletterte Prof. Zvonko Turkali selbst nach oben. Gemeinsam wurde entschieden, wie der Schriftzug der Jüdischen Akademie Frankfurt später am Gebäude wirken soll.</p>
<p data-pm-slice="1 1 []">Die Arbeiten an der Akademie gehen weiter, doch die künftige Gestalt des Hauses wird zunehmend greifbar. Der Schriftzug wird später auf eine neue Adresse für Bildung, Begegnung und jüdisches Leben in Frankfurt hinweisen.</p>
<p>An der Senckenberganlage entsteht nach der Planung von Zvonko Turkali Architekten ein Ensemble aus historischem Altbau und markantem Neubau. Mit ihrem Schriftzug wird die Akademie künftig auch im Stadtraum präsent sein.</p>
</p>
<p>Mehr zum Projekt: <a target="_blank" rel="noopener noreferrer nofollow" class="text-primary underline cursor-pointer" href="https://www.turkali-architekten.de/de/juedische-akademie-frankfurt/">Jüdische Akademie Frankfurt</a>.</p>
</div>
<p><img decoding="async" src="/wp-content/uploads/2026/09/JAF-Schriftzug-scaled.jpg" alt=""></p>
<p><!--more--><br />
<!-- {"type":"layout","children":[{"type":"section","props":{"css":"  .el-section {\n\tpadding:128px 0px;\n\t}\n\n@media only screen and (max-width: 600px) {\n  .el-section {\n\tpadding:20px 0px;\n\t}\n}","image_position":"center-center","style":"default","title_breakpoint":"xl","title_position":"top-left","title_rotation":"left","vertical_align":"","width":"default"},"children":[{"type":"row","props":{"layout":"1-2,1-2"},"children":[{"type":"column","props":{"image_position":"center-center","position_sticky_breakpoint":"m","width_medium":"1-2"},"children":[{"type":"text","props":{"column_breakpoint":"m","content":"04.09.2026","margin_bottom":"default","margin_top":"default","text_style":"meta"}}]},{"type":"column","props":{"image_position":"center-center","position_sticky_breakpoint":"m","width_medium":"1-2"}}]},{"type":"row","props":{"layout":"1-2,1-2"},"children":[{"type":"column","props":{"css":".el-column {\npadding-right:35px;\n}","image_position":"center-center","position_sticky_breakpoint":"m","width_medium":"1-2"},"children":[{"type":"headline","props":{"content":"Der Name bekommt seinen Platz","content_en_us":"The name takes its place","image_align":"left","image_margin":"xsmall","title_element":"h1"}},{"type":"text","props":{"column_breakpoint":"m","content":"

<p data-pm-slice=\"1 1 []\">Für einen ersten Eindruck vom künftigen Erscheinungsbild kletterte Prof. Zvonko Turkali selbst nach oben. Gemeinsam wurde entschieden, wie der Schriftzug der Jüdischen Akademie Frankfurt später am Gebäude wirken soll.</p>

\n

<p data-pm-slice=\"1 1 []\">Die Arbeiten an der Akademie gehen weiter, doch die künftige Gestalt des Hauses wird zunehmend greifbar. Der Schriftzug wird später auf eine neue Adresse für Bildung, Begegnung und jüdisches Leben in Frankfurt hinweisen.</p>

\n

<p>An der Senckenberganlage entsteht nach der Planung von Zvonko Turkali Architekten ein Ensemble aus historischem Altbau und markantem Neubau. Mit ihrem Schriftzug wird die Akademie künftig auch im Stadtraum präsent sein.</p>

\n



\n

<p>Mehr zum Projekt: <a target=\"_blank\" rel=\"noopener noreferrer nofollow\" class=\"text-primary underline cursor-pointer\" href=\"https://www.turkali-architekten.de/de/juedische-akademie-frankfurt/\">Jüdische Akademie Frankfurt</a>.</p>

","content_en_us":"

<p>The building is still under construction, but its future presence is already beginning to emerge. Prof. Zvonko Turkali climbed up the scaffolding himself to see how the proposed lettering for the Jüdische Akademie will read on the façade.</p>

\n

<p>Construction continues, and the building’s final form is gradually coming into view. Once in place, the lettering will mark a new address for education, dialogue and Jewish life in Frankfurt.</p>

\n

<p>At Frankfurt’s Senckenberganlage, the Jüdische Akademie is taking shape as an ensemble that brings together a historic building and a distinctive new structure. Its name will give this special place a visible presence in the city.</p>

\n

<p>More about the project <a href=\"https://www.turkali-architekten.de/de/juedische-akademie-frankfurt/\">Jüdische Akademie Frankfurt</a></p>

","css":".el-element {\nfont-size:15px;\nline-height:25px;\n}","margin_bottom":"default","margin_top":"default"}}]},{"type":"column","props":{"image_position":"center-center","position_sticky_breakpoint":"m","width_medium":"1-2"},"children":[{"type":"image","props":{"image":"wp-content/uploads/2026/09/JAF-Schriftzug-scaled.jpg","image_svg_color":"emphasis","margin_bottom":"remove","margin_top":"default"}}]}]}],"name":"Header-Section-Start"}],"version":"5.0.41"} --></p>

<p>04.09.2026 Der Name bekommt seinen Platz Für einen ersten Eindruck vom künftigen Erscheinungsbild kletterte Prof. Zvonko Turkali selbst nach oben. Gemeinsam wurde entschieden, wie der Schriftzug der Jüdischen Akademie Frankfurt später am Gebäude wirken soll. Die Arbeiten an der Akademie gehen weiter, doch die künftige Gestalt des Hauses wird zunehmend greifbar. Der Schriftzug wird später [&hellip;]</p>
