{"id":570,"date":"2024-02-13T10:53:12","date_gmt":"2024-02-13T09:53:12","guid":{"rendered":"http:\/\/s992978995.online.de\/?page_id=570"},"modified":"2026-02-26T12:47:29","modified_gmt":"2026-02-26T11:47:29","slug":"juedische-akademie-frankfurt-besuch-zentralrat","status":"publish","type":"page","link":"https:\/\/www.turkali-architekten.de\/de\/aktuelles\/juedische-akademie-frankfurt-besuch-zentralrat\/","title":{"rendered":"Baustellenbesuch der J\u00fcdischen Akademie Frankfurt"},"content":{"rendered":"<div>\n<p><em>07.03.2023<\/em><\/p>\n<\/div>\n<h1>Baustellenbesuch der J\u00fcdischen Akademie Frankfurt<\/h1>\n<div>\n<p>Zentralratspr\u00e4sident besichtigt Baustelle der <a href=\"https:\/\/www.turkali-architekten.de\/de\/juedische-akademie-frankfurt\/\">J\u00fcdischen Akademie<\/a>.<\/p>\n<p>Kurz nach der Erstellung der Bodenplatte f\u00fcr den Neubau hat der Pr\u00e4sident des Zentralrats der Juden in Deutschland, Dr. Josef Schuster, der Baustelle in der Senckenberganlage 11 im Westen Frankfurts erneut einen Besuch abgestattet.<\/p>\n<p>Begleitet wurde er dabei von Harry Schnabel, Pr\u00e4sidiumsmitglied des Zentralrats der Juden in Deutschland und Vorstandsmitglied der J\u00fcdischen Gemeinde Frankfurt, Prof. Doron Kiesel und Sabena Donath, Direktor bzw. Leiterin der Bildungsabteilung des Zentralrats der Juden, Werner Bappert, Projektsteuerung von IBBA Ingenieurb\u00fcro Bappert sowie Prof. Zvonko Turkali und Dominik Loh von Zvonko Turkali Architekten.<\/p>\n<p>Dr. Schuster zeigte sich beeindruckt von der Baustelle, insbesondere von den erforderlichen konstruktiven Ert\u00fcchtigungsma\u00dfnahmen im Altbau und der Baugrubensicherung. Zugleich war er erfreut \u00fcber den Fortschritt der gesamten Bauma\u00dfnahme.<\/p>\n<\/p>\n<p>Mehr zum Projekt <a href=\"https:\/\/www.turkali-architekten.de\/de\/juedische-akademie-frankfurt\/\">J\u00fcdische Akademie Frankfurt<\/a>.<\/p>\n<\/div>\n<p><img decoding=\"async\" src=\"\/wp-content\/uploads\/2024\/02\/07-03-2023_Foto.jpg\" alt=\"\"><\/p>\n<div>\n<p>Foto: J\u00f6rg Baumann<\/p>\n<\/div>\n<p><!--more--><br \/>\n<!-- {\"type\":\"layout\",\"children\":[{\"type\":\"section\",\"props\":{\"css\":\"  .el-section {\\n\\tpadding:128px 0px;\\n\\t}\\n\\n@media only screen and (max-width: 600px) {\\n  .el-section {\\n\\tpadding:20px 0px;\\n\\t}\\n}\",\"image_position\":\"center-center\",\"style\":\"default\",\"title_breakpoint\":\"xl\",\"title_position\":\"top-left\",\"title_rotation\":\"left\",\"vertical_align\":\"\",\"width\":\"default\"},\"children\":[{\"type\":\"row\",\"props\":{\"layout\":\"1-2,1-2\"},\"children\":[{\"type\":\"column\",\"props\":{\"image_position\":\"center-center\",\"position_sticky_breakpoint\":\"m\",\"width_medium\":\"1-2\"},\"children\":[{\"type\":\"text\",\"props\":{\"column_breakpoint\":\"m\",\"content\":\"\n\n<p><em>07.03.2023<\/em><\/p>\n\n\",\"margin_bottom\":\"default\",\"margin_top\":\"default\",\"text_style\":\"meta\"}}]},{\"type\":\"column\",\"props\":{\"image_position\":\"center-center\",\"position_sticky_breakpoint\":\"m\",\"width_medium\":\"1-2\"}}]},{\"type\":\"row\",\"props\":{\"layout\":\"1-2,1-2\"},\"children\":[{\"type\":\"column\",\"props\":{\"css\":\".el-column {\\npadding-right:35px;\\n}\",\"image_position\":\"center-center\",\"position_sticky_breakpoint\":\"m\",\"width_medium\":\"1-2\"},\"children\":[{\"type\":\"headline\",\"props\":{\"content\":\"Baustellenbesuch der J\u00fcdischen Akademie Frankfurt\",\"content_en_us\":\"Construction Site Visit of the Jewish Academy Frankfurt\",\"image_align\":\"left\",\"image_margin\":\"xsmall\",\"position\":\"relative\",\"position_top\":\"-10\",\"title_element\":\"h1\"}},{\"type\":\"text\",\"props\":{\"column_breakpoint\":\"m\",\"content\":\"\n\n<p>Zentralratspr\u00e4sident besichtigt Baustelle der <a href=\\\"https:\/\/www.turkali-architekten.de\/de\/juedische-akademie-frankfurt\/\\\">J\u00fcdischen Akademie<\/a>.<\/p>\n\n\\n\n\n<p>Kurz nach der Erstellung der Bodenplatte f\u00fcr den Neubau hat der Pr\u00e4sident des Zentralrats der Juden in Deutschland, Dr. Josef Schuster, der Baustelle in der Senckenberganlage 11 im Westen Frankfurts erneut einen Besuch abgestattet.<\/p>\n\n\\n\n\n<p>Begleitet wurde er dabei von Harry Schnabel, Pr\u00e4sidiumsmitglied des Zentralrats der Juden in Deutschland und Vorstandsmitglied der J\u00fcdischen Gemeinde Frankfurt, Prof. Doron Kiesel und Sabena Donath, Direktor bzw. Leiterin der Bildungsabteilung des Zentralrats der Juden, Werner Bappert, Projektsteuerung von IBBA Ingenieurb\u00fcro Bappert sowie Prof. Zvonko Turkali und Dominik Loh von Zvonko Turkali Architekten.<\/p>\n\n\\n\n\n<p>Dr. Schuster zeigte sich beeindruckt von der Baustelle, insbesondere von den erforderlichen konstruktiven Ert\u00fcchtigungsma\u00dfnahmen im Altbau und der Baugrubensicherung. Zugleich war er erfreut \u00fcber den Fortschritt der gesamten Bauma\u00dfnahme.<\/p>\n\n\\n\n\n\n\n\\n\n\n<p>Mehr zum Projekt <a href=\\\"https:\/\/www.turkali-architekten.de\/de\/juedische-akademie-frankfurt\/\\\">J\u00fcdische Akademie Frankfurt<\/a>.<\/p>\n\n\",\"content_en_us\":\"\n\n<p>President of the Central Council of Jews visits the construction site of the <a href=\\\"https:\/\/www.turkali-architekten.de\/en\/juedische-akademie-frankfurt\/\\\">Jewish Academy<\/a><\/p>\n\n\\n\n\n<p>Shortly after the foundation slab for the new building was laid, the President of the Central Council of Jews in Germany, Dr. Josef Schuster, paid another visit to the construction site at Senckenberganlage 11 in western Frankfurt.<\/p>\n\n\\n\n\n<p>He was accompanied by Harry Schnabel, Member of the Board of the Central Council of Jews in Germany and Member of the Board of the Jewish Community Frankfurt, Prof. Dr. Doron Kiesel and Sabena Donath, Director respectively Head of the Education Department of the Central Council of Jews, Werner Bappert, Project Manager of IBBA Ingenieurb\u00fcro Bappert, as well as Prof. Zvonko Turkali and Dominik Loh of Zvonko Turkali Architekten.<\/p>\n\n\\n\n\n<p>Dr. Schuster was impressed by the construction site, especially by the necessary structural strengthening measures in the old building and the securing of the excavation pit. He was pleased with the progress of the entire construction project.<\/p>\n\n\\n\n\n\n\n\\n\n\n<p>More on the <a href=\\\"https:\/\/www.turkali-architekten.de\/en\/juedische-akademie-frankfurt\/\\\">Jewish Academy Frankfurt<\/a>.<\/p>\n\n\",\"css\":\".el-element {\\nfont-size:15px;\\nline-height:25px;\\n}\",\"margin_bottom\":\"default\",\"margin_top\":\"default\"}}]},{\"type\":\"column\",\"props\":{\"image_position\":\"center-center\",\"position_sticky_breakpoint\":\"m\",\"width_medium\":\"1-2\"},\"children\":[{\"type\":\"image\",\"props\":{\"image\":\"wp-content\/uploads\/2024\/02\/07-03-2023_Foto.jpg\",\"image_svg_color\":\"emphasis\",\"margin_bottom\":\"remove\",\"margin_top\":\"default\"}},{\"type\":\"text\",\"props\":{\"column_breakpoint\":\"m\",\"content\":\"\n\n<p>Foto: J\u00f6rg Baumann<\/p>\n\n\",\"content_en_us\":\"\n\n<p>Photo: J\u00f6rg Baumann<\/p>\n\n\",\"margin_bottom\":\"default\",\"margin_top\":\"default\",\"text_align\":\"right\"}}]}]}],\"name\":\"Header-Section-Start\"}],\"version\":\"5.0.15\"} --><\/p>\n","protected":false},"excerpt":{"rendered":"<p>07.03.2023 Baustellenbesuch der J\u00fcdischen Akademie Frankfurt Zentralratspr\u00e4sident besichtigt Baustelle der J\u00fcdischen Akademie. Kurz nach der Erstellung der Bodenplatte f\u00fcr den Neubau hat der Pr\u00e4sident des Zentralrats der Juden in Deutschland, Dr. Josef Schuster, der Baustelle in der Senckenberganlage 11 im Westen Frankfurts erneut einen Besuch abgestattet. Begleitet wurde er dabei von Harry Schnabel, Pr\u00e4sidiumsmitglied des [&hellip;]<\/p>\n","protected":false},"author":1,"featured_media":0,"parent":1079,"menu_order":66,"comment_status":"closed","ping_status":"closed","template":"","meta":{"footnotes":""},"class_list":["post-570","page","type-page","status-publish","hentry"],"_links":{"self":[{"href":"https:\/\/www.turkali-architekten.de\/de\/wp-json\/wp\/v2\/pages\/570","targetHints":{"allow":["GET"]}}],"collection":[{"href":"https:\/\/www.turkali-architekten.de\/de\/wp-json\/wp\/v2\/pages"}],"about":[{"href":"https:\/\/www.turkali-architekten.de\/de\/wp-json\/wp\/v2\/types\/page"}],"author":[{"embeddable":true,"href":"https:\/\/www.turkali-architekten.de\/de\/wp-json\/wp\/v2\/users\/1"}],"replies":[{"embeddable":true,"href":"https:\/\/www.turkali-architekten.de\/de\/wp-json\/wp\/v2\/comments?post=570"}],"version-history":[{"count":23,"href":"https:\/\/www.turkali-architekten.de\/de\/wp-json\/wp\/v2\/pages\/570\/revisions"}],"predecessor-version":[{"id":7747,"href":"https:\/\/www.turkali-architekten.de\/de\/wp-json\/wp\/v2\/pages\/570\/revisions\/7747"}],"up":[{"embeddable":true,"href":"https:\/\/www.turkali-architekten.de\/de\/wp-json\/wp\/v2\/pages\/1079"}],"wp:attachment":[{"href":"https:\/\/www.turkali-architekten.de\/de\/wp-json\/wp\/v2\/media?parent=570"}],"curies":[{"name":"wp","href":"https:\/\/api.w.org\/{rel}","templated":true}]}}

Baustellenbesuch der Jüdischen Akademie Frankfurt

<div>
<p><em>07.03.2023</em></p>
</div>
<h1>Baustellenbesuch der Jüdischen Akademie Frankfurt</h1>
<div>
<p>Zentralratspräsident besichtigt Baustelle der <a href="https://www.turkali-architekten.de/de/juedische-akademie-frankfurt/">Jüdischen Akademie</a>.</p>
<p>Kurz nach der Erstellung der Bodenplatte für den Neubau hat der Präsident des Zentralrats der Juden in Deutschland, Dr. Josef Schuster, der Baustelle in der Senckenberganlage 11 im Westen Frankfurts erneut einen Besuch abgestattet.</p>
<p>Begleitet wurde er dabei von Harry Schnabel, Präsidiumsmitglied des Zentralrats der Juden in Deutschland und Vorstandsmitglied der Jüdischen Gemeinde Frankfurt, Prof. Doron Kiesel und Sabena Donath, Direktor bzw. Leiterin der Bildungsabteilung des Zentralrats der Juden, Werner Bappert, Projektsteuerung von IBBA Ingenieurbüro Bappert sowie Prof. Zvonko Turkali und Dominik Loh von Zvonko Turkali Architekten.</p>
<p>Dr. Schuster zeigte sich beeindruckt von der Baustelle, insbesondere von den erforderlichen konstruktiven Ertüchtigungsmaßnahmen im Altbau und der Baugrubensicherung. Zugleich war er erfreut über den Fortschritt der gesamten Baumaßnahme.</p>
</p>
<p>Mehr zum Projekt <a href="https://www.turkali-architekten.de/de/juedische-akademie-frankfurt/">Jüdische Akademie Frankfurt</a>.</p>
</div>
<p><img decoding="async" src="/wp-content/uploads/2024/02/07-03-2023_Foto.jpg" alt=""></p>
<div>
<p>Foto: Jörg Baumann</p>
</div>
<p><!--more--><br />
<!-- {"type":"layout","children":[{"type":"section","props":{"css":"  .el-section {\n\tpadding:128px 0px;\n\t}\n\n@media only screen and (max-width: 600px) {\n  .el-section {\n\tpadding:20px 0px;\n\t}\n}","image_position":"center-center","style":"default","title_breakpoint":"xl","title_position":"top-left","title_rotation":"left","vertical_align":"","width":"default"},"children":[{"type":"row","props":{"layout":"1-2,1-2"},"children":[{"type":"column","props":{"image_position":"center-center","position_sticky_breakpoint":"m","width_medium":"1-2"},"children":[{"type":"text","props":{"column_breakpoint":"m","content":"

<p><em>07.03.2023</em></p>

","margin_bottom":"default","margin_top":"default","text_style":"meta"}}]},{"type":"column","props":{"image_position":"center-center","position_sticky_breakpoint":"m","width_medium":"1-2"}}]},{"type":"row","props":{"layout":"1-2,1-2"},"children":[{"type":"column","props":{"css":".el-column {\npadding-right:35px;\n}","image_position":"center-center","position_sticky_breakpoint":"m","width_medium":"1-2"},"children":[{"type":"headline","props":{"content":"Baustellenbesuch der Jüdischen Akademie Frankfurt","content_en_us":"Construction Site Visit of the Jewish Academy Frankfurt","image_align":"left","image_margin":"xsmall","position":"relative","position_top":"-10","title_element":"h1"}},{"type":"text","props":{"column_breakpoint":"m","content":"

<p>Zentralratspräsident besichtigt Baustelle der <a href=\"https://www.turkali-architekten.de/de/juedische-akademie-frankfurt/\">Jüdischen Akademie</a>.</p>

\n

<p>Kurz nach der Erstellung der Bodenplatte für den Neubau hat der Präsident des Zentralrats der Juden in Deutschland, Dr. Josef Schuster, der Baustelle in der Senckenberganlage 11 im Westen Frankfurts erneut einen Besuch abgestattet.</p>

\n

<p>Begleitet wurde er dabei von Harry Schnabel, Präsidiumsmitglied des Zentralrats der Juden in Deutschland und Vorstandsmitglied der Jüdischen Gemeinde Frankfurt, Prof. Doron Kiesel und Sabena Donath, Direktor bzw. Leiterin der Bildungsabteilung des Zentralrats der Juden, Werner Bappert, Projektsteuerung von IBBA Ingenieurbüro Bappert sowie Prof. Zvonko Turkali und Dominik Loh von Zvonko Turkali Architekten.</p>

\n

<p>Dr. Schuster zeigte sich beeindruckt von der Baustelle, insbesondere von den erforderlichen konstruktiven Ertüchtigungsmaßnahmen im Altbau und der Baugrubensicherung. Zugleich war er erfreut über den Fortschritt der gesamten Baumaßnahme.</p>

\n



\n

<p>Mehr zum Projekt <a href=\"https://www.turkali-architekten.de/de/juedische-akademie-frankfurt/\">Jüdische Akademie Frankfurt</a>.</p>

","content_en_us":"

<p>President of the Central Council of Jews visits the construction site of the <a href=\"https://www.turkali-architekten.de/en/juedische-akademie-frankfurt/\">Jewish Academy</a></p>

\n

<p>Shortly after the foundation slab for the new building was laid, the President of the Central Council of Jews in Germany, Dr. Josef Schuster, paid another visit to the construction site at Senckenberganlage 11 in western Frankfurt.</p>

\n

<p>He was accompanied by Harry Schnabel, Member of the Board of the Central Council of Jews in Germany and Member of the Board of the Jewish Community Frankfurt, Prof. Dr. Doron Kiesel and Sabena Donath, Director respectively Head of the Education Department of the Central Council of Jews, Werner Bappert, Project Manager of IBBA Ingenieurbüro Bappert, as well as Prof. Zvonko Turkali and Dominik Loh of Zvonko Turkali Architekten.</p>

\n

<p>Dr. Schuster was impressed by the construction site, especially by the necessary structural strengthening measures in the old building and the securing of the excavation pit. He was pleased with the progress of the entire construction project.</p>

\n



\n

<p>More on the <a href=\"https://www.turkali-architekten.de/en/juedische-akademie-frankfurt/\">Jewish Academy Frankfurt</a>.</p>

","css":".el-element {\nfont-size:15px;\nline-height:25px;\n}","margin_bottom":"default","margin_top":"default"}}]},{"type":"column","props":{"image_position":"center-center","position_sticky_breakpoint":"m","width_medium":"1-2"},"children":[{"type":"image","props":{"image":"wp-content/uploads/2024/02/07-03-2023_Foto.jpg","image_svg_color":"emphasis","margin_bottom":"remove","margin_top":"default"}},{"type":"text","props":{"column_breakpoint":"m","content":"

<p>Foto: Jörg Baumann</p>

","content_en_us":"

<p>Photo: Jörg Baumann</p>

","margin_bottom":"default","margin_top":"default","text_align":"right"}}]}]}],"name":"Header-Section-Start"}],"version":"5.0.15"} --></p>

<p>07.03.2023 Baustellenbesuch der Jüdischen Akademie Frankfurt Zentralratspräsident besichtigt Baustelle der Jüdischen Akademie. Kurz nach der Erstellung der Bodenplatte für den Neubau hat der Präsident des Zentralrats der Juden in Deutschland, Dr. Josef Schuster, der Baustelle in der Senckenberganlage 11 im Westen Frankfurts erneut einen Besuch abgestattet. Begleitet wurde er dabei von Harry Schnabel, Präsidiumsmitglied des [&hellip;]</p>
