{"id":553,"date":"2024-02-13T10:54:21","date_gmt":"2024-02-13T09:54:21","guid":{"rendered":"http:\/\/s992978995.online.de\/?page_id=553"},"modified":"2024-05-08T23:14:59","modified_gmt":"2024-05-08T21:14:59","slug":"15-05-2023","status":"publish","type":"page","link":"https:\/\/www.turkali-architekten.de\/de\/aktuelles\/15-05-2023\/","title":{"rendered":"15.05.2023"},"content":{"rendered":"<h1>15.05.2023 \u2013 Preisverleihung der Johann-Wilhelm-Lehr-Plakette 2023<\/h1>\n<div>\n<p>Biedermeiergeb\u00e4ude in der Luisenstra\u00dfe 7 in Wiesbaden ausgezeichnet<\/p>\n<p>Das im Herzen von Wiesbaden gelegene und von Zvonko Turkali Architekten sanierte Biedermeiergeb\u00e4ude \u201eLuisenstra\u00dfe 7\u201c ist mit der Johann-Wilhelm-Lehr-Plakette 2023 der BDA-Gruppe Wiesbaden ausgezeichnet worden. Die Preisverleihung an die Bauherrschaft und die Architekt*innen fand am Donnerstag, den 11. Mai 2023, in feierlichem Ambiente der Kreuzkirche in Wiesbaden statt.<\/p>\n<p>Die Luisenstra\u00dfe 7 ist eines von insgesamt zehn Bauwerken, das die diesj\u00e4hrige Johann-Wilhelm-Lehr-Plakette verliehen bekam. Zugelassen zur Jurysitzung waren Bauten jeglicher Gr\u00f6\u00dfe und Nutzung, die im Zeitraum 2018 bis Januar 2023 fertig gestellt wurden und ihren Standort in der Stadt Wiesbaden bzw. den Landkreisen Hochtaunus, Rheingau-Taunus, Main-Taunus und Limburg-Weilburg haben.<\/p>\n<p>Mit dem Preis m\u00f6chte der BDA Hessen gute, beispielhafte Architektur einer breiten \u00d6ffentlichkeit bekannt machen. Im Zyklus von jeweils f\u00fcnf Jahren loben die BDA-Gruppen deshalb vier regionale Wettbewerbe aus: Joseph-Maria-Olbrich-Plakette (BDA-Gruppe-Darmstadt), Martin-Elsaesser-Plakette (BDA-Gruppe Frankfurt am Main), Simon-Louis-du-Ry-Plakette (BDA-Gruppen Kassel und Mittelhessen) und Johann-Wilhelm-Lehr-Plakette (BDA-Gruppe Wiesbaden). Unabh\u00e4ngige, einberufene Jurys vergeben pro Region bis zu zehn Auszeichnungen \u2013 die pr\u00e4mierten Bauten erhalten die Plakette der jeweiligen Region.<\/p>\n<p>Die vollst\u00e4ndige Pressemitteilung des BDA-Hessen lesen Sie hier!<\/p>\n<\/div>\n<p><img decoding=\"async\" src=\"\/wp-content\/uploads\/2024\/02\/15-05-2023_Foto.jpg\" alt=\"\"><\/p>\n<p><!--more--><br \/>\n<!-- {\"type\":\"layout\",\"children\":[{\"type\":\"section\",\"props\":{\"css\":\"  .el-section {\\n\\tpadding:128px 0px;\\n\\t}\\n\\n@media only screen and (max-width: 600px) {\\n  .el-section {\\n\\tpadding:20px 0px;\\n\\t}\\n}\",\"image_position\":\"center-center\",\"padding_remove_top\":false,\"style\":\"default\",\"title_breakpoint\":\"xl\",\"title_position\":\"top-left\",\"title_rotation\":\"left\",\"vertical_align\":\"middle\",\"width\":\"default\"},\"children\":[{\"type\":\"row\",\"props\":{\"layout\":\"1-2,1-2\"},\"children\":[{\"type\":\"column\",\"props\":{\"css\":\".el-column {\\npadding-right:35px;\\n}\",\"image_position\":\"center-center\",\"position_sticky_breakpoint\":\"m\",\"width_medium\":\"1-2\"},\"children\":[{\"type\":\"headline\",\"props\":{\"content\":\"15.05.2023 \\u2013 Preisverleihung der Johann-Wilhelm-Lehr-Plakette 2023\",\"content_en_us\":\"15.05.2023 - Award ceremony of the Johann-Wilhelm-Lehr-Plakette 2023\",\"title_element\":\"h1\"}},{\"type\":\"text\",\"props\":{\"column_breakpoint\":\"m\",\"content\":\"\n\n<p>Biedermeiergeb\\u00e4ude in der Luisenstra\\u00dfe 7 in Wiesbaden ausgezeichnet<\\\/p>\\n\n\n<p>Das im Herzen von Wiesbaden gelegene und von Zvonko Turkali Architekten sanierte Biedermeiergeb\\u00e4ude \\u201eLuisenstra\\u00dfe 7\\u201c ist mit der Johann-Wilhelm-Lehr-Plakette 2023 der BDA-Gruppe Wiesbaden ausgezeichnet worden. Die Preisverleihung an die Bauherrschaft und die Architekt*innen fand am Donnerstag, den 11. Mai 2023, in feierlichem Ambiente der Kreuzkirche in Wiesbaden statt.<\\\/p>\\n\n\n<p>Die Luisenstra\\u00dfe 7 ist eines von insgesamt zehn Bauwerken, das die diesj\\u00e4hrige Johann-Wilhelm-Lehr-Plakette verliehen bekam. Zugelassen zur Jurysitzung waren Bauten jeglicher Gr\\u00f6\\u00dfe und Nutzung, die im Zeitraum 2018 bis Januar 2023 fertig gestellt wurden und ihren Standort in der Stadt Wiesbaden bzw. den Landkreisen Hochtaunus, Rheingau-Taunus, Main-Taunus und Limburg-Weilburg haben.<\\\/p>\\n\n\n<p>Mit dem Preis m\\u00f6chte der BDA Hessen gute, beispielhafte Architektur einer breiten \\u00d6ffentlichkeit bekannt machen. Im Zyklus von jeweils f\\u00fcnf Jahren loben die BDA-Gruppen deshalb vier regionale Wettbewerbe aus: Joseph-Maria-Olbrich-Plakette (BDA-Gruppe-Darmstadt), Martin-Elsaesser-Plakette (BDA-Gruppe Frankfurt am Main), Simon-Louis-du-Ry-Plakette (BDA-Gruppen Kassel und Mittelhessen) und Johann-Wilhelm-Lehr-Plakette (BDA-Gruppe Wiesbaden). Unabh\\u00e4ngige, einberufene Jurys vergeben pro Region bis zu zehn Auszeichnungen \\u2013 die pr\\u00e4mierten Bauten erhalten die Plakette der jeweiligen Region.<\\\/p>\\n\n\n<p>Die vollst\\u00e4ndige Pressemitteilung des BDA-Hessen lesen Sie hier!<\\\/p>\",\"content_en_us\":\"\n\n<p>Biedermeier building at Luisenstrasse 7 in Wiesbaden awarded a prize<\\\/p>\\n\n\n<p>The Biedermeier building \\\"Luisenstrasse 7\\\", located in the heart of Wiesbaden and renovated by Zvonko Turkali Architekten, has been awarded the Johann-Wilhelm-Lehr-Plakette 2023 of the BDA Group Wiesbaden. The award ceremony for the building\\u2019s owner and the architects took place on Thursday, May 11, 2023, in the festive ambience of the Kreuzkirche in Wiesbaden.<\\\/p>\\n\n\n<p>Luisenstrasse 7 is one of a total of ten buildings to be awarded this year's Johann-Wilhelm-Lehr-Plakette. Admitted to the jury session were buildings of any size and use that were completed between 2018 and January 2023 and are in the city of Wiesbaden or the districts of Hochtaunus, Rheingau-Taunus, Main-Taunus and Limburg-Weilburg.<\\\/p>\\n\n\n<p>With this award, the BDA Hessen wants to make fine, exemplary architecture known to the public at large. In a cycle of five years, the BDA groups therefore announce four regional competitions: Joseph-Maria-Olbrich-Plakette (BDA Group Darmstadt), Martin-Elsaesser-Plakette (BDA Group Frankfurt am Main), Simon-Louis-du-Ry-Plakette (BDA Groups Kassel and Central Hesse) and Johann-Wilhelm-Lehr-Plkette (BDA Group Wiesbaden). Independent, convened juries award up to ten prizes per region \\u2013 the winning buildings receive the plaque of the respective region.<\\\/p>\",\"css\":\".el-element {\\nfont-size:15px;\\nline-height:25px;\\n}\",\"margin\":\"default\",\"margin_remove_bottom\":false}}]},{\"type\":\"column\",\"props\":{\"image_position\":\"center-center\",\"position_sticky_breakpoint\":\"m\",\"width_medium\":\"1-2\"},\"children\":[{\"type\":\"image\",\"props\":{\"image\":\"wp-content\\\/uploads\\\/2024\\\/02\\\/15-05-2023_Foto.jpg\",\"image_svg_color\":\"emphasis\",\"margin\":\"default\",\"margin_remove_bottom\":true}},{\"type\":\"text\",\"props\":{\"column_breakpoint\":\"m\",\"content\":\"\",\"css\":\".el-element {\\nfont-size:10px;\\n\\nline-height:25px;\\n}\",\"margin\":\"\",\"margin_remove_bottom\":false,\"margin_remove_top\":false}},{\"type\":\"text\",\"props\":{\"column_breakpoint\":\"m\",\"content\":\"\",\"css\":\".el-element {\\nfont-size:10px;\\n\\nline-height:25px;\\n}\",\"margin\":\"\",\"margin_remove_bottom\":false,\"margin_remove_top\":false}}]}]}],\"name\":\"Header-Section-Start\"}],\"version\":\"4.2.12\"} --><\/p>\n","protected":false},"excerpt":{"rendered":"<p>15.05.2023 \u2013 Preisverleihung der Johann-Wilhelm-Lehr-Plakette 2023 Biedermeiergeb\u00e4ude in der Luisenstra\u00dfe 7 in Wiesbaden ausgezeichnet Das im Herzen von Wiesbaden gelegene und von Zvonko Turkali Architekten sanierte Biedermeiergeb\u00e4ude \u201eLuisenstra\u00dfe 7\u201c ist mit der Johann-Wilhelm-Lehr-Plakette 2023 der BDA-Gruppe Wiesbaden ausgezeichnet worden. Die Preisverleihung an die Bauherrschaft und die Architekt*innen fand am Donnerstag, den 11. Mai 2023, in [&hellip;]<\/p>\n","protected":false},"author":1,"featured_media":0,"parent":1079,"menu_order":60,"comment_status":"closed","ping_status":"closed","template":"","meta":{"footnotes":""},"class_list":["post-553","page","type-page","status-publish","hentry"],"_links":{"self":[{"href":"https:\/\/www.turkali-architekten.de\/de\/wp-json\/wp\/v2\/pages\/553","targetHints":{"allow":["GET"]}}],"collection":[{"href":"https:\/\/www.turkali-architekten.de\/de\/wp-json\/wp\/v2\/pages"}],"about":[{"href":"https:\/\/www.turkali-architekten.de\/de\/wp-json\/wp\/v2\/types\/page"}],"author":[{"embeddable":true,"href":"https:\/\/www.turkali-architekten.de\/de\/wp-json\/wp\/v2\/users\/1"}],"replies":[{"embeddable":true,"href":"https:\/\/www.turkali-architekten.de\/de\/wp-json\/wp\/v2\/comments?post=553"}],"version-history":[{"count":8,"href":"https:\/\/www.turkali-architekten.de\/de\/wp-json\/wp\/v2\/pages\/553\/revisions"}],"predecessor-version":[{"id":4155,"href":"https:\/\/www.turkali-architekten.de\/de\/wp-json\/wp\/v2\/pages\/553\/revisions\/4155"}],"up":[{"embeddable":true,"href":"https:\/\/www.turkali-architekten.de\/de\/wp-json\/wp\/v2\/pages\/1079"}],"wp:attachment":[{"href":"https:\/\/www.turkali-architekten.de\/de\/wp-json\/wp\/v2\/media?parent=553"}],"curies":[{"name":"wp","href":"https:\/\/api.w.org\/{rel}","templated":true}]}}

<h1>15.05.2023 – Preisverleihung der Johann-Wilhelm-Lehr-Plakette 2023</h1>
<div>
<p>Biedermeiergebäude in der Luisenstraße 7 in Wiesbaden ausgezeichnet</p>
<p>Das im Herzen von Wiesbaden gelegene und von Zvonko Turkali Architekten sanierte Biedermeiergebäude „Luisenstraße 7“ ist mit der Johann-Wilhelm-Lehr-Plakette 2023 der BDA-Gruppe Wiesbaden ausgezeichnet worden. Die Preisverleihung an die Bauherrschaft und die Architekt*innen fand am Donnerstag, den 11. Mai 2023, in feierlichem Ambiente der Kreuzkirche in Wiesbaden statt.</p>
<p>Die Luisenstraße 7 ist eines von insgesamt zehn Bauwerken, das die diesjährige Johann-Wilhelm-Lehr-Plakette verliehen bekam. Zugelassen zur Jurysitzung waren Bauten jeglicher Größe und Nutzung, die im Zeitraum 2018 bis Januar 2023 fertig gestellt wurden und ihren Standort in der Stadt Wiesbaden bzw. den Landkreisen Hochtaunus, Rheingau-Taunus, Main-Taunus und Limburg-Weilburg haben.</p>
<p>Mit dem Preis möchte der BDA Hessen gute, beispielhafte Architektur einer breiten Öffentlichkeit bekannt machen. Im Zyklus von jeweils fünf Jahren loben die BDA-Gruppen deshalb vier regionale Wettbewerbe aus: Joseph-Maria-Olbrich-Plakette (BDA-Gruppe-Darmstadt), Martin-Elsaesser-Plakette (BDA-Gruppe Frankfurt am Main), Simon-Louis-du-Ry-Plakette (BDA-Gruppen Kassel und Mittelhessen) und Johann-Wilhelm-Lehr-Plakette (BDA-Gruppe Wiesbaden). Unabhängige, einberufene Jurys vergeben pro Region bis zu zehn Auszeichnungen – die prämierten Bauten erhalten die Plakette der jeweiligen Region.</p>
<p>Die vollständige Pressemitteilung des BDA-Hessen lesen Sie hier!</p>
</div>
<p><img decoding="async" src="/wp-content/uploads/2024/02/15-05-2023_Foto.jpg" alt=""></p>
<p><!--more--><br />
<!-- {"type":"layout","children":[{"type":"section","props":{"css":"  .el-section {\n\tpadding:128px 0px;\n\t}\n\n@media only screen and (max-width: 600px) {\n  .el-section {\n\tpadding:20px 0px;\n\t}\n}","image_position":"center-center","padding_remove_top":false,"style":"default","title_breakpoint":"xl","title_position":"top-left","title_rotation":"left","vertical_align":"middle","width":"default"},"children":[{"type":"row","props":{"layout":"1-2,1-2"},"children":[{"type":"column","props":{"css":".el-column {\npadding-right:35px;\n}","image_position":"center-center","position_sticky_breakpoint":"m","width_medium":"1-2"},"children":[{"type":"headline","props":{"content":"15.05.2023 \u2013 Preisverleihung der Johann-Wilhelm-Lehr-Plakette 2023","content_en_us":"15.05.2023 - Award ceremony of the Johann-Wilhelm-Lehr-Plakette 2023","title_element":"h1"}},{"type":"text","props":{"column_breakpoint":"m","content":"

<p>Biedermeiergeb\u00e4ude in der Luisenstra\u00dfe 7 in Wiesbaden ausgezeichnet<\/p>\n

<p>Das im Herzen von Wiesbaden gelegene und von Zvonko Turkali Architekten sanierte Biedermeiergeb\u00e4ude \u201eLuisenstra\u00dfe 7\u201c ist mit der Johann-Wilhelm-Lehr-Plakette 2023 der BDA-Gruppe Wiesbaden ausgezeichnet worden. Die Preisverleihung an die Bauherrschaft und die Architekt*innen fand am Donnerstag, den 11. Mai 2023, in feierlichem Ambiente der Kreuzkirche in Wiesbaden statt.<\/p>\n

<p>Die Luisenstra\u00dfe 7 ist eines von insgesamt zehn Bauwerken, das die diesj\u00e4hrige Johann-Wilhelm-Lehr-Plakette verliehen bekam. Zugelassen zur Jurysitzung waren Bauten jeglicher Gr\u00f6\u00dfe und Nutzung, die im Zeitraum 2018 bis Januar 2023 fertig gestellt wurden und ihren Standort in der Stadt Wiesbaden bzw. den Landkreisen Hochtaunus, Rheingau-Taunus, Main-Taunus und Limburg-Weilburg haben.<\/p>\n

<p>Mit dem Preis m\u00f6chte der BDA Hessen gute, beispielhafte Architektur einer breiten \u00d6ffentlichkeit bekannt machen. Im Zyklus von jeweils f\u00fcnf Jahren loben die BDA-Gruppen deshalb vier regionale Wettbewerbe aus: Joseph-Maria-Olbrich-Plakette (BDA-Gruppe-Darmstadt), Martin-Elsaesser-Plakette (BDA-Gruppe Frankfurt am Main), Simon-Louis-du-Ry-Plakette (BDA-Gruppen Kassel und Mittelhessen) und Johann-Wilhelm-Lehr-Plakette (BDA-Gruppe Wiesbaden). Unabh\u00e4ngige, einberufene Jurys vergeben pro Region bis zu zehn Auszeichnungen \u2013 die pr\u00e4mierten Bauten erhalten die Plakette der jeweiligen Region.<\/p>\n

<p>Die vollst\u00e4ndige Pressemitteilung des BDA-Hessen lesen Sie hier!<\/p>","content_en_us":"

<p>Biedermeier building at Luisenstrasse 7 in Wiesbaden awarded a prize<\/p>\n

<p>The Biedermeier building \"Luisenstrasse 7\", located in the heart of Wiesbaden and renovated by Zvonko Turkali Architekten, has been awarded the Johann-Wilhelm-Lehr-Plakette 2023 of the BDA Group Wiesbaden. The award ceremony for the building\u2019s owner and the architects took place on Thursday, May 11, 2023, in the festive ambience of the Kreuzkirche in Wiesbaden.<\/p>\n

<p>Luisenstrasse 7 is one of a total of ten buildings to be awarded this year's Johann-Wilhelm-Lehr-Plakette. Admitted to the jury session were buildings of any size and use that were completed between 2018 and January 2023 and are in the city of Wiesbaden or the districts of Hochtaunus, Rheingau-Taunus, Main-Taunus and Limburg-Weilburg.<\/p>\n

<p>With this award, the BDA Hessen wants to make fine, exemplary architecture known to the public at large. In a cycle of five years, the BDA groups therefore announce four regional competitions: Joseph-Maria-Olbrich-Plakette (BDA Group Darmstadt), Martin-Elsaesser-Plakette (BDA Group Frankfurt am Main), Simon-Louis-du-Ry-Plakette (BDA Groups Kassel and Central Hesse) and Johann-Wilhelm-Lehr-Plkette (BDA Group Wiesbaden). Independent, convened juries award up to ten prizes per region \u2013 the winning buildings receive the plaque of the respective region.<\/p>","css":".el-element {\nfont-size:15px;\nline-height:25px;\n}","margin":"default","margin_remove_bottom":false}}]},{"type":"column","props":{"image_position":"center-center","position_sticky_breakpoint":"m","width_medium":"1-2"},"children":[{"type":"image","props":{"image":"wp-content\/uploads\/2024\/02\/15-05-2023_Foto.jpg","image_svg_color":"emphasis","margin":"default","margin_remove_bottom":true}},{"type":"text","props":{"column_breakpoint":"m","content":"","css":".el-element {\nfont-size:10px;\n\nline-height:25px;\n}","margin":"","margin_remove_bottom":false,"margin_remove_top":false}},{"type":"text","props":{"column_breakpoint":"m","content":"","css":".el-element {\nfont-size:10px;\n\nline-height:25px;\n}","margin":"","margin_remove_bottom":false,"margin_remove_top":false}}]}]}],"name":"Header-Section-Start"}],"version":"4.2.12"} --></p>

<p>15.05.2023 – Preisverleihung der Johann-Wilhelm-Lehr-Plakette 2023 Biedermeiergebäude in der Luisenstraße 7 in Wiesbaden ausgezeichnet Das im Herzen von Wiesbaden gelegene und von Zvonko Turkali Architekten sanierte Biedermeiergebäude „Luisenstraße 7“ ist mit der Johann-Wilhelm-Lehr-Plakette 2023 der BDA-Gruppe Wiesbaden ausgezeichnet worden. Die Preisverleihung an die Bauherrschaft und die Architekt*innen fand am Donnerstag, den 11. Mai 2023, in [&hellip;]</p>
