{"id":539,"date":"2024-02-13T10:53:00","date_gmt":"2024-02-13T09:53:00","guid":{"rendered":"http:\/\/s992978995.online.de\/?page_id=539"},"modified":"2024-05-08T23:12:51","modified_gmt":"2024-05-08T21:12:51","slug":"06-06-2023","status":"publish","type":"page","link":"https:\/\/www.turkali-architekten.de\/de\/aktuelles\/06-06-2023\/","title":{"rendered":"06.06.2023"},"content":{"rendered":"<h1>06.06.2023 \u2013 STADT. BAUSTEIN.<\/h1>\n<div>\n<p>Magazin w\u00fcrdigt Arbeit des Freiburger Gestaltungsbeirats in der Zeit von 2014 bis 2022<\/p>\n<p>\u201eWas haben wir eigentlich von einem Gestaltungsbeirat?\u201c Dieser Frage geht der Baub\u00fcrgermeister der Stadt Freiburg, Prof. Dr. Martin Haag, im Vorwort des j\u00fcngst ver\u00f6ffentlichten Magazins \u201eSTADT. BAUSTEIN. GESTALTUNGSBEIRAT FREIBURG\u201c nach und kommt zu dem Ergebnis: \u201eTransparenz bei baulichen Entscheidungen, h\u00f6here Qualit\u00e4t an wichtigen Bauten und Freir\u00e4umen und am Ende mehr Lebensqualit\u00e4t f\u00fcr alle!\u201c<\/p>\n<p>Seit 2014 sichert und vermittelt der Freiburger Gestaltungsbeirat Baukultur in exponierten Lagen und Schl\u00fcsselprojekten und bringt seine Expertise bei Solit\u00e4rgeb\u00e4uden, neuen Stadtquartieren und Architekturwettbewerben ein. Von 2014 bis heute haben sich dessen Mitglieder*innen, allesamt Expert*innen auf den Gebieten St\u00e4dtebau, Architektur und Landschaftsplanung, in rund 50 Sitzungen mit mehr als 100 unterschiedlichsten Bauprojekten befasst, darunter einem Studentenwohnheim, einem Feuerwehrhaus, einer Kirche und einem Baumarkt.<\/p>\n<p>Prof. Zvonko Turkali, Mitglied des Gremiums von 2014 bis 2020 und dessen Vorsitzender von Januar 2019 bis M\u00e4rz 2020, res\u00fcmiert: \u201eIn bester Erinnerung bleibt mir die gro\u00dfe Resonanz des Beirats in der \u00d6ffentlichkeit. Bei keinem anderen Beirat habe ich bisher erlebt, dass dessen Sitzungen von derart vielen interessierten B\u00fcrgern aufgesucht wurden. Das Ziel eines Gestaltungsbeirats ist es, durch seine Beratung die st\u00e4dtebauliche und architektonische Qualit\u00e4t auf einem hohen Niveau zu sichern und dabei die \u00d6ffentlichkeit zu erreichen. In Freiburg f\u00e4llt dieses Anliegen auf fruchtbaren Boden.\u201c<\/p>\n<p>Das vom Baurechtsamt der Stadt Freiburg herausgegebenen Magazin \u201eSTADT. BAUSTEIN. GESTALTUNGSBEIRAT FREIBURG\u201c l\u00e4sst ehemalige wie aktuelle Mitglieder*innen des Gremiums zu Wort kommen, pr\u00e4sentiert zehn exemplarische Projekte und liefert viele wissenswerte Informationen \u00fcber die Arbeit, die Prinzipien und Ziele eines Gestaltungsbeirats.<\/p>\n<\/div>\n<p><img decoding=\"async\" src=\"\/wp-content\/uploads\/2024\/02\/Broschuere.jpg\" alt=\"\"><\/p>\n<p><!--more--><br \/>\n<!-- {\"type\":\"layout\",\"children\":[{\"type\":\"section\",\"props\":{\"css\":\"  .el-section {\\n\\tpadding:128px 0px;\\n\\t}\\n\\n@media only screen and (max-width: 600px) {\\n  .el-section {\\n\\tpadding:20px 0px;\\n\\t}\\n}\",\"image_position\":\"center-center\",\"padding_remove_top\":false,\"style\":\"default\",\"title_breakpoint\":\"xl\",\"title_position\":\"top-left\",\"title_rotation\":\"left\",\"vertical_align\":\"middle\",\"width\":\"default\"},\"children\":[{\"type\":\"row\",\"props\":{\"layout\":\"1-2,1-2\"},\"children\":[{\"type\":\"column\",\"props\":{\"css\":\".el-column {\\npadding-right:35px;\\n}\",\"image_position\":\"center-center\",\"position_sticky_breakpoint\":\"m\",\"width_medium\":\"1-2\"},\"children\":[{\"type\":\"headline\",\"props\":{\"content\":\"06.06.2023 \\u2013 STADT. BAUSTEIN.\",\"content_en_us\":\"06.06.2023 \\u2013 STADT. BAUSTEIN.\",\"title_element\":\"h1\"}},{\"type\":\"text\",\"props\":{\"column_breakpoint\":\"m\",\"content\":\"\n\n<p>Magazin w\\u00fcrdigt Arbeit des Freiburger Gestaltungsbeirats in der Zeit von 2014 bis 2022<br \\\/><br \\\/>\\u201eWas haben wir eigentlich von einem Gestaltungsbeirat?\\u201c Dieser Frage geht der Baub\\u00fcrgermeister der Stadt Freiburg, Prof. Dr. Martin Haag, im Vorwort des j\\u00fcngst ver\\u00f6ffentlichten Magazins \\u201eSTADT. BAUSTEIN. GESTALTUNGSBEIRAT FREIBURG\\u201c nach und kommt zu dem Ergebnis: \\u201eTransparenz bei baulichen Entscheidungen, h\\u00f6here Qualit\\u00e4t an wichtigen Bauten und Freir\\u00e4umen und am Ende mehr Lebensqualit\\u00e4t f\\u00fcr alle!\\u201c<br \\\/><br \\\/>Seit 2014 sichert und vermittelt der Freiburger Gestaltungsbeirat Baukultur in exponierten Lagen und Schl\\u00fcsselprojekten und bringt seine Expertise bei Solit\\u00e4rgeb\\u00e4uden, neuen Stadtquartieren und Architekturwettbewerben ein. Von 2014 bis heute haben sich dessen Mitglieder*innen, allesamt Expert*innen auf den Gebieten St\\u00e4dtebau, Architektur und Landschaftsplanung, in rund 50 Sitzungen mit mehr als 100 unterschiedlichsten Bauprojekten befasst, darunter einem Studentenwohnheim, einem Feuerwehrhaus, einer Kirche und einem Baumarkt.<br \\\/><br \\\/>Prof. Zvonko Turkali, Mitglied des Gremiums von 2014 bis 2020 und dessen Vorsitzender von Januar 2019 bis M\\u00e4rz 2020, res\\u00fcmiert: \\u201eIn bester Erinnerung bleibt mir die gro\\u00dfe Resonanz des Beirats in der \\u00d6ffentlichkeit. Bei keinem anderen Beirat habe ich bisher erlebt, dass dessen Sitzungen von derart vielen interessierten B\\u00fcrgern aufgesucht wurden. Das Ziel eines Gestaltungsbeirats ist es, durch seine Beratung die st\\u00e4dtebauliche und architektonische Qualit\\u00e4t auf einem hohen Niveau zu sichern und dabei die \\u00d6ffentlichkeit zu erreichen. In Freiburg f\\u00e4llt dieses Anliegen auf fruchtbaren Boden.\\u201c<br \\\/><br \\\/>Das vom Baurechtsamt der Stadt Freiburg herausgegebenen Magazin \\u201eSTADT. BAUSTEIN. GESTALTUNGSBEIRAT FREIBURG\\u201c l\\u00e4sst ehemalige wie aktuelle Mitglieder*innen des Gremiums zu Wort kommen, pr\\u00e4sentiert zehn exemplarische Projekte und liefert viele wissenswerte Informationen \\u00fcber die Arbeit, die Prinzipien und Ziele eines Gestaltungsbeirats.<\\\/p>\",\"content_en_us\":\"\n\n<p>Magazine pays tribute to the work of Freiburg's Design Advisory Board for the period 2014 to 2022<\\\/p>\\n\n\n<p>\\\"What are the benefits of a Design Advisory Board?\\\" The Mayor of the City of Freiburg, Prof. Dr. Martin Haag, pursues this question in the foreword of the recently published magazine \\\"STADT. BAUSTEIN. GESTALTUNGSBEIRAT FREIBURG\\\" and concludes: \\\"Transparency in structural decisions, superior quality in important buildings and open spaces and eventually a better quality of life for everyone!\\\"<\\\/p>\\n\n\n<p>Since 2014, the Freiburg Design Advisory Board has been safeguarding and mediating Building Culture in exposed locations and key projects. It has been contributing its expertise on solitary buildings, new urban neighborhoods and architectural competitions. From 2014 to the present day, its members, all of whom are experts in the fields of urban planning, architecture and landscape planning, have held around 50 meetings and dealt with more than 100 different building projects, including a students\\u2019 residence, a fire station, a church and a hardware store.<\\\/p>\\n\n\n<p>Prof. Zvonko Turkali, a member of the board from 2014 to 2020 and its chairman from January 2019 to March 2020, sums up: \\\"I like to remember the great public interest and its response to the Advisory Board. The meetings were always attended by many interested citizens. The goal of a Design Advisory Board is to ensure a high level of urban planning and architectural quality through consultation while reaching out to the public at the same time. Freiburg lays the foundations for this cause.\\\"<\\\/p>\\n\n\n<p>The magazine \\\"STADT. BAUSTEIN. GESTALTUNGSBEIRAT FREIBURG\\\", published by the Building Law Office of the City of Freiburg, gives former and current members of the committee a chance to speak. It presents ten exemplary projects and provides an abundance of information on work, principles, and goals of a design advisory committee.<br \\\/>Back<\\\/p>\",\"css\":\".el-element {\\nfont-size:15px;\\nline-height:25px;\\n}\",\"margin\":\"default\",\"margin_remove_bottom\":false}}]},{\"type\":\"column\",\"props\":{\"image_position\":\"center-center\",\"position_sticky_breakpoint\":\"m\",\"width_medium\":\"1-2\"},\"children\":[{\"type\":\"image\",\"props\":{\"image\":\"wp-content\\\/uploads\\\/2024\\\/02\\\/Broschuere.jpg\",\"image_svg_color\":\"emphasis\",\"margin\":\"default\",\"margin_remove_bottom\":true}},{\"type\":\"text\",\"props\":{\"column_breakpoint\":\"m\",\"content\":\"\",\"css\":\".el-element {\\nfont-size:10px;\\n\\nline-height:25px;\\n}\",\"margin\":\"\",\"margin_remove_bottom\":false,\"margin_remove_top\":false}},{\"type\":\"text\",\"props\":{\"column_breakpoint\":\"m\",\"content\":\"\",\"css\":\".el-element {\\nfont-size:10px;\\n\\nline-height:25px;\\n}\",\"margin\":\"\",\"margin_remove_bottom\":false,\"margin_remove_top\":false}}]}]}],\"name\":\"Header-Section-Start\"}],\"version\":\"4.2.12\"} --><\/p>\n","protected":false},"excerpt":{"rendered":"<p>06.06.2023 \u2013 STADT. BAUSTEIN. Magazin w\u00fcrdigt Arbeit des Freiburger Gestaltungsbeirats in der Zeit von 2014 bis 2022 \u201eWas haben wir eigentlich von einem Gestaltungsbeirat?\u201c Dieser Frage geht der Baub\u00fcrgermeister der Stadt Freiburg, Prof. Dr. Martin Haag, im Vorwort des j\u00fcngst ver\u00f6ffentlichten Magazins \u201eSTADT. BAUSTEIN. GESTALTUNGSBEIRAT FREIBURG\u201c nach und kommt zu dem Ergebnis: \u201eTransparenz bei baulichen [&hellip;]<\/p>\n","protected":false},"author":1,"featured_media":0,"parent":1079,"menu_order":67,"comment_status":"closed","ping_status":"closed","template":"","meta":{"footnotes":""},"class_list":["post-539","page","type-page","status-publish","hentry"],"_links":{"self":[{"href":"https:\/\/www.turkali-architekten.de\/de\/wp-json\/wp\/v2\/pages\/539","targetHints":{"allow":["GET"]}}],"collection":[{"href":"https:\/\/www.turkali-architekten.de\/de\/wp-json\/wp\/v2\/pages"}],"about":[{"href":"https:\/\/www.turkali-architekten.de\/de\/wp-json\/wp\/v2\/types\/page"}],"author":[{"embeddable":true,"href":"https:\/\/www.turkali-architekten.de\/de\/wp-json\/wp\/v2\/users\/1"}],"replies":[{"embeddable":true,"href":"https:\/\/www.turkali-architekten.de\/de\/wp-json\/wp\/v2\/comments?post=539"}],"version-history":[{"count":7,"href":"https:\/\/www.turkali-architekten.de\/de\/wp-json\/wp\/v2\/pages\/539\/revisions"}],"predecessor-version":[{"id":4147,"href":"https:\/\/www.turkali-architekten.de\/de\/wp-json\/wp\/v2\/pages\/539\/revisions\/4147"}],"up":[{"embeddable":true,"href":"https:\/\/www.turkali-architekten.de\/de\/wp-json\/wp\/v2\/pages\/1079"}],"wp:attachment":[{"href":"https:\/\/www.turkali-architekten.de\/de\/wp-json\/wp\/v2\/media?parent=539"}],"curies":[{"name":"wp","href":"https:\/\/api.w.org\/{rel}","templated":true}]}}

<h1>06.06.2023 – STADT. BAUSTEIN.</h1>
<div>
<p>Magazin würdigt Arbeit des Freiburger Gestaltungsbeirats in der Zeit von 2014 bis 2022</p>
<p>„Was haben wir eigentlich von einem Gestaltungsbeirat?“ Dieser Frage geht der Baubürgermeister der Stadt Freiburg, Prof. Dr. Martin Haag, im Vorwort des jüngst veröffentlichten Magazins „STADT. BAUSTEIN. GESTALTUNGSBEIRAT FREIBURG“ nach und kommt zu dem Ergebnis: „Transparenz bei baulichen Entscheidungen, höhere Qualität an wichtigen Bauten und Freiräumen und am Ende mehr Lebensqualität für alle!“</p>
<p>Seit 2014 sichert und vermittelt der Freiburger Gestaltungsbeirat Baukultur in exponierten Lagen und Schlüsselprojekten und bringt seine Expertise bei Solitärgebäuden, neuen Stadtquartieren und Architekturwettbewerben ein. Von 2014 bis heute haben sich dessen Mitglieder*innen, allesamt Expert*innen auf den Gebieten Städtebau, Architektur und Landschaftsplanung, in rund 50 Sitzungen mit mehr als 100 unterschiedlichsten Bauprojekten befasst, darunter einem Studentenwohnheim, einem Feuerwehrhaus, einer Kirche und einem Baumarkt.</p>
<p>Prof. Zvonko Turkali, Mitglied des Gremiums von 2014 bis 2020 und dessen Vorsitzender von Januar 2019 bis März 2020, resümiert: „In bester Erinnerung bleibt mir die große Resonanz des Beirats in der Öffentlichkeit. Bei keinem anderen Beirat habe ich bisher erlebt, dass dessen Sitzungen von derart vielen interessierten Bürgern aufgesucht wurden. Das Ziel eines Gestaltungsbeirats ist es, durch seine Beratung die städtebauliche und architektonische Qualität auf einem hohen Niveau zu sichern und dabei die Öffentlichkeit zu erreichen. In Freiburg fällt dieses Anliegen auf fruchtbaren Boden.“</p>
<p>Das vom Baurechtsamt der Stadt Freiburg herausgegebenen Magazin „STADT. BAUSTEIN. GESTALTUNGSBEIRAT FREIBURG“ lässt ehemalige wie aktuelle Mitglieder*innen des Gremiums zu Wort kommen, präsentiert zehn exemplarische Projekte und liefert viele wissenswerte Informationen über die Arbeit, die Prinzipien und Ziele eines Gestaltungsbeirats.</p>
</div>
<p><img decoding="async" src="/wp-content/uploads/2024/02/Broschuere.jpg" alt=""></p>
<p><!--more--><br />
<!-- {"type":"layout","children":[{"type":"section","props":{"css":"  .el-section {\n\tpadding:128px 0px;\n\t}\n\n@media only screen and (max-width: 600px) {\n  .el-section {\n\tpadding:20px 0px;\n\t}\n}","image_position":"center-center","padding_remove_top":false,"style":"default","title_breakpoint":"xl","title_position":"top-left","title_rotation":"left","vertical_align":"middle","width":"default"},"children":[{"type":"row","props":{"layout":"1-2,1-2"},"children":[{"type":"column","props":{"css":".el-column {\npadding-right:35px;\n}","image_position":"center-center","position_sticky_breakpoint":"m","width_medium":"1-2"},"children":[{"type":"headline","props":{"content":"06.06.2023 \u2013 STADT. BAUSTEIN.","content_en_us":"06.06.2023 \u2013 STADT. BAUSTEIN.","title_element":"h1"}},{"type":"text","props":{"column_breakpoint":"m","content":"

<p>Magazin w\u00fcrdigt Arbeit des Freiburger Gestaltungsbeirats in der Zeit von 2014 bis 2022<br \/><br \/>\u201eWas haben wir eigentlich von einem Gestaltungsbeirat?\u201c Dieser Frage geht der Baub\u00fcrgermeister der Stadt Freiburg, Prof. Dr. Martin Haag, im Vorwort des j\u00fcngst ver\u00f6ffentlichten Magazins \u201eSTADT. BAUSTEIN. GESTALTUNGSBEIRAT FREIBURG\u201c nach und kommt zu dem Ergebnis: \u201eTransparenz bei baulichen Entscheidungen, h\u00f6here Qualit\u00e4t an wichtigen Bauten und Freir\u00e4umen und am Ende mehr Lebensqualit\u00e4t f\u00fcr alle!\u201c<br \/><br \/>Seit 2014 sichert und vermittelt der Freiburger Gestaltungsbeirat Baukultur in exponierten Lagen und Schl\u00fcsselprojekten und bringt seine Expertise bei Solit\u00e4rgeb\u00e4uden, neuen Stadtquartieren und Architekturwettbewerben ein. Von 2014 bis heute haben sich dessen Mitglieder*innen, allesamt Expert*innen auf den Gebieten St\u00e4dtebau, Architektur und Landschaftsplanung, in rund 50 Sitzungen mit mehr als 100 unterschiedlichsten Bauprojekten befasst, darunter einem Studentenwohnheim, einem Feuerwehrhaus, einer Kirche und einem Baumarkt.<br \/><br \/>Prof. Zvonko Turkali, Mitglied des Gremiums von 2014 bis 2020 und dessen Vorsitzender von Januar 2019 bis M\u00e4rz 2020, res\u00fcmiert: \u201eIn bester Erinnerung bleibt mir die gro\u00dfe Resonanz des Beirats in der \u00d6ffentlichkeit. Bei keinem anderen Beirat habe ich bisher erlebt, dass dessen Sitzungen von derart vielen interessierten B\u00fcrgern aufgesucht wurden. Das Ziel eines Gestaltungsbeirats ist es, durch seine Beratung die st\u00e4dtebauliche und architektonische Qualit\u00e4t auf einem hohen Niveau zu sichern und dabei die \u00d6ffentlichkeit zu erreichen. In Freiburg f\u00e4llt dieses Anliegen auf fruchtbaren Boden.\u201c<br \/><br \/>Das vom Baurechtsamt der Stadt Freiburg herausgegebenen Magazin \u201eSTADT. BAUSTEIN. GESTALTUNGSBEIRAT FREIBURG\u201c l\u00e4sst ehemalige wie aktuelle Mitglieder*innen des Gremiums zu Wort kommen, pr\u00e4sentiert zehn exemplarische Projekte und liefert viele wissenswerte Informationen \u00fcber die Arbeit, die Prinzipien und Ziele eines Gestaltungsbeirats.<\/p>","content_en_us":"

<p>Magazine pays tribute to the work of Freiburg's Design Advisory Board for the period 2014 to 2022<\/p>\n

<p>\"What are the benefits of a Design Advisory Board?\" The Mayor of the City of Freiburg, Prof. Dr. Martin Haag, pursues this question in the foreword of the recently published magazine \"STADT. BAUSTEIN. GESTALTUNGSBEIRAT FREIBURG\" and concludes: \"Transparency in structural decisions, superior quality in important buildings and open spaces and eventually a better quality of life for everyone!\"<\/p>\n

<p>Since 2014, the Freiburg Design Advisory Board has been safeguarding and mediating Building Culture in exposed locations and key projects. It has been contributing its expertise on solitary buildings, new urban neighborhoods and architectural competitions. From 2014 to the present day, its members, all of whom are experts in the fields of urban planning, architecture and landscape planning, have held around 50 meetings and dealt with more than 100 different building projects, including a students\u2019 residence, a fire station, a church and a hardware store.<\/p>\n

<p>Prof. Zvonko Turkali, a member of the board from 2014 to 2020 and its chairman from January 2019 to March 2020, sums up: \"I like to remember the great public interest and its response to the Advisory Board. The meetings were always attended by many interested citizens. The goal of a Design Advisory Board is to ensure a high level of urban planning and architectural quality through consultation while reaching out to the public at the same time. Freiburg lays the foundations for this cause.\"<\/p>\n

<p>The magazine \"STADT. BAUSTEIN. GESTALTUNGSBEIRAT FREIBURG\", published by the Building Law Office of the City of Freiburg, gives former and current members of the committee a chance to speak. It presents ten exemplary projects and provides an abundance of information on work, principles, and goals of a design advisory committee.<br \/>Back<\/p>","css":".el-element {\nfont-size:15px;\nline-height:25px;\n}","margin":"default","margin_remove_bottom":false}}]},{"type":"column","props":{"image_position":"center-center","position_sticky_breakpoint":"m","width_medium":"1-2"},"children":[{"type":"image","props":{"image":"wp-content\/uploads\/2024\/02\/Broschuere.jpg","image_svg_color":"emphasis","margin":"default","margin_remove_bottom":true}},{"type":"text","props":{"column_breakpoint":"m","content":"","css":".el-element {\nfont-size:10px;\n\nline-height:25px;\n}","margin":"","margin_remove_bottom":false,"margin_remove_top":false}},{"type":"text","props":{"column_breakpoint":"m","content":"","css":".el-element {\nfont-size:10px;\n\nline-height:25px;\n}","margin":"","margin_remove_bottom":false,"margin_remove_top":false}}]}]}],"name":"Header-Section-Start"}],"version":"4.2.12"} --></p>

<p>06.06.2023 – STADT. BAUSTEIN. Magazin würdigt Arbeit des Freiburger Gestaltungsbeirats in der Zeit von 2014 bis 2022 „Was haben wir eigentlich von einem Gestaltungsbeirat?“ Dieser Frage geht der Baubürgermeister der Stadt Freiburg, Prof. Dr. Martin Haag, im Vorwort des jüngst veröffentlichten Magazins „STADT. BAUSTEIN. GESTALTUNGSBEIRAT FREIBURG“ nach und kommt zu dem Ergebnis: „Transparenz bei baulichen [&hellip;]</p>
